 the prime factors of j.
2, 19
Let v(z) = -z**2 + 2*z. Let s be v(3). Let h(o) = o**3 + 3*o**2 + 1. Let w be h(s). Suppose -w = k - 3. What are the prime factors of k?
2
Let a(w) = -4*w - 21. Let d(q) be the third derivative of -q**4/12 - 5*q**3/3 + q**2. Let i(f) = -2*a(f) + 5*d(f). What are the prime factors of i(-10)?
2, 3
Let y(a) = -a + 6. Let j be y(6). Let r = -3 - j. Let n = r - -5. What are the prime factors of n?
2
Suppose -4*l + 5*p + 19 = 0, 0 = -5*l - 0*p + 3*p + 14. What are the prime factors of ((-1 + 25)/3)/l?
2
Let f = -1 - -2. Let i(m) = 44*m. Let h be i(f). Suppose 0*d - 46 = -3*v + 4*d, -d = -4*v + h. What are the prime factors of v?
2, 5
Let i = 8 + -3. Suppose 2*t + 4*b - 40 = 0, -2*t + 7*t + i*b = 120. What are the prime factors of t?
2, 7
Suppose 3 = -p + 7. Suppose -p*h - 3*t + 56 = 0, -5*t - 30 - 5 = -5*h. List the prime factors of h.
11
What are the prime factors of 2 - -46 - 0 - 2?
2, 23
Let g(z) = -4*z + 9. List the prime factors of g(-6).
3, 11
Suppose -3 = -2*f - 11, -r = -5*f - 22. Suppose 18 = -r*m + 5*m. List the prime factors of m.
2, 3
Suppose 0 = f + 4*f. What are the prime factors of (f - -2)/(-2)*-10?
2, 5
Suppose f + 2 = 2*f + 5*z, 0 = 5*f - 5*z - 160. What are the prime factors of f?
3
Suppose 0 = -y + 3*y - 4. Suppose -4*u - p + 111 = 40, -4*u = -y*p - 62. List the prime factors of u.
17
Let n(w) = w**3 - 4*w**2 + 2*w + 4. Let p be n(3). Let u = p - -5. Let l = 10 - u. List the prime factors of l.
2
Let h(d) = -5*d - 3*d**3 + 6 + 5*d**2 + d**3 + d**3. What are the prime factors of h(4)?
2
Let g(p) = -3*p**2 - 9 + 4*p - 3*p**2 + 1 + 7*p**2. What are the prime factors of g(-6)?
2
Suppose -x = -c + 3, c - 6 = -2*x - c. Let j(l) = l + 10. What are the prime factors of j(x)?
2, 5
Suppose l + l = 0. Suppose l*f = -3*f. List the prime factors of -4 + 6 - f/1.
2
Let s be (-38)/(-12) + (-2)/12. Let c(m) = 15 - 6 + s*m**3 - 4*m**3 + 11*m**2 - 10*m. What are the prime factors of c(10)?
3
Let b = -9 - -11. Suppose -2*u - 4 = 0, -b*g = -3*g - u + 1. What are the prime factors of g?
3
Suppose 0 = -5*j - 4*a + 685, -5*j - a + 202 = -498. List the prime factors of j.
3, 47
Let q be 5 + (2 - 0 - 3). Suppose h - 3*h = -2*x - 26, q*h + 3*x - 31 = 0. Suppose 0 = -4*v + 38 + h. List the prime factors of v.
2, 3
Let g be (59 - 4)*(-6)/15. List the prime factors of g/(-4) + 7/14.
2, 3
Let n(x) = -x**3 + 7*x**2 - 5*x + 4. Suppose -v - 4 = -2*c, c + 7 = 5*v - 9. What are the prime factors of n(v)?
2
Let w(k) = -k + 8. Let v be w(6). List the prime factors of (-5 + -5)/((-1)/v).
2, 5
List the prime factors of 2/7 - (-130)/35.
2
Suppose 2*q + 14 = i, 3*i = -0*i - 6. List the prime factors of (-8)/3*42/q.
2, 7
Suppose 3*a - 13 = -5*v, -4*a - v = 2*v - 21. Suppose k + 16 = a. Let y = 18 + k. List the prime factors of y.
2
Suppose 2*o - 6 = 4*o. Let t = o + 8. What are the prime factors of t?
5
Let w(u) = u. Let c = 3 + 0. Let b be w(c). Suppose -12 = -2*a - o, 5*a - 36 = 2*o - b*o. What are the prime factors of a?
2
Suppose y - 3*y = -370. Suppose -5*t + y = -4*s, -148 = -0*t - 4*t + 3*s. List the prime factors of t.
37
Let j(q) = -14*q + 12. Suppose -4*r + 21 - 5 = 0. Let k(n) = -5*n + 4. Let o(d) = r*j(d) - 11*k(d). List the prime factors of o(-12).
2
Let s be -2 + (1 - -2) + -27. Let l be 83/(-2) - (-5)/10. Let j = s - l. List the prime factors of j.
3, 5
Suppose -w + 1 = 2*b + 31, -2*w + 15 = -b. Let x = -11 - b. List the prime factors of x.
2
Let s = 91 - 78. What are the prime factors of s?
13
What are the prime factors of -3*(-2 - -4) - -405?
3, 7, 19
Let l(p) = -2*p - 3. Let s be l(-2). What are the prime factors of (-3)/3 - -13*s?
2, 3
Suppose -2*b - 2*b = -12. Let j(z) = z**3 - 2*z**2 - 3*z + 2. What are the prime factors of j(b)?
2
Let d = -11 + 20. What are the prime factors of d?
3
Let t be -42 + 1 - 2/(-2). List the prime factors of 27/4 - 10/t.
7
Let k = -36 + 63. Let n be 4/(-2*3/(-12)). Let r = k - n. What are the prime factors of r?
19
Suppose 675 = 2*a + 3*a. List the prime factors of a.
3, 5
Let z(a) = a**3 + 4*a**2 + 3. Suppose 12 = -4*o - 4. Let b be z(o). Suppose -2*y + y - 5*f + 14 = 0, y - b*f = -2. List the prime factors of y.
2
Let u be (4/8)/((-2)/(-12)). Suppose u*s + 2*j = 5*j + 75, j = -4*s + 85. List the prime factors of s.
2, 11
Let c(j) = 2*j**2 + 3*j - 3. List the prime factors of c(7).
2, 29
Let j(k) = 5*k**2 - 3*k - 1. What are the prime factors of j(3)?
5, 7
List the prime factors of 6/15 + (-18)/(-5) + 46.
2, 5
Let j(k) = -k**3 + k**2 - 2*k + 2. List the prime factors of j(0).
2
What are the prime factors of ((54/(-7))/((-3)/21))/2?
3
Let u(d) = -d**3 + 4*d**2 + 2*d - 2. Let l(n) = n**3 - 4*n + 3. Let r be l(2). What are the prime factors of u(r)?
13
Suppose -6 = -2*y + 12. Let o = y - 6. Suppose 2*w = 5*g + 17, -38 = -o*w + g - 6*g. List the prime factors of w.
11
Suppose t - 52 = -3*t. Let s = 26 - t. What are the prime factors of s?
13
Let i = 37 - -108. What are the prime factors of i?
5, 29
Suppose 4*l + 330 = 9*l. Let h be l/(-9) + 1/3. Let q = -4 - h. List the prime factors of q.
3
Let c(h) = 13*h - 51. What are the prime factors of c(6)?
3
Suppose 52 = 2*n - 62. What are the prime factors of n?
3, 19
Suppose -z + 25 = -57. List the prime factors of z.
2, 41
Let l(w) = 2*w + 9. What are the prime factors of l(5)?
19
Let x be (-10 - -4)*-1*3. Suppose -h + x = h. List the prime factors of h - (-2 + 4 + 0).
7
Let p be 2/11 - (-31)/11. What are the prime factors of (1 + p)/(2/3)?
2, 3
Let h be 2 + 9 + (-3 - -2). Suppose -g - 18 - h = 3*u, 3*u - g = -20. Let t = -3 - u. List the prime factors of t.
5
Let q be (-1)/(-1) - (10 + 3). Let f = q - -34. What are the prime factors of f?
2, 11
Let g = 11 - 8. Suppose -4*d - 11 = g*i, -3*d - d - 23 = -i. What are the prime factors of 10/i*(-6)/(-5)?
2
Let o = -61 - -118. List the prime factors of o.
3, 19
Suppose -w + 2*k + 0 + 28 = 0, 0 = -w - 3*k + 23. Suppose o + 9*i = 4*i + w, 0 = 4*i - 16. List the prime factors of (-2 + 0)/(o/(-48)).
2
Suppose 0 = 5*g - j - 100, 4*g + j - 81 = 2*j. List the prime factors of g.
19
Let u(k) = k**3 - 3*k**2 - 6*k + 3. Let t be u(4). What are the prime factors of t/15 + (-68)/(-6)?
11
Suppose 2*t - 20 = -i, 4*t + 2*i + 3*i = 52. Let n = t + -6. Suppose 0 = h - 3*k - 7, -5*h - k + 105 = -n*k. List the prime factors of h.
2, 11
Let f be 28/10 - (-1)/5. Suppose 7 = p - 4*k, -p + f*k = 2*k - 7. List the prime factors of p.
7
Let p(c) = 2*c - 10. Let t(f) = 2*f - 9. Let g(h) = -6*p(h) + 7*t(h). What are the prime factors of g(4)?
5
Let q(k) = k**3 - 5*k**2 - 4*k - 8. Let h(b) = 2*b - 18. Let z be h(12). List the prime factors of q(z).
2
Let q = 20 + -11. Suppose 0 = 2*i - 1 - q. What are the prime factors of i?
5
List the prime factors of 4 + -5 + 2 + 31.
2
Let a(u) = -u**2 + 6*u + 2. Suppose -x + 12 = x. Let y be a(x). What are the prime factors of 6 + (2 + y)/2?
2
List the prime factors of (-4)/(-6) + 7750/30.
7, 37
Let l be 5/3 + (-1)/(-3). Suppose -l*n - 3*n = -110. What are the prime factors of n?
2, 11
Let r(z) = -z**2 - 14*z + 14. List the prime factors of r(-11).
47
Suppose 5*u + 20 = 5. Let v = 5 - u. What are the prime factors of v?
2
Suppose 3*h = -4*x - 15, -3*x - 26 + 11 = 3*h. Suppose 78 - 6 = 3*f. Suppose x - f = -3*z. What are the prime factors of z?
2
Let g(k) = -k + 89. Let h be g(0). Let z = -40 + h. Let m = z + -33. List the prime factors of m.
2
Let i(f) = -35*f**3 - 3*f**2 - 2*f. Let j(v) = v**2 - 13*v + 11. Let g be j(12). List the prime factors of i(g).
2, 17
Suppose -14 = -q - 3*c + 4, 3*c - 78 = -5*q. Suppose 0 = -3*l + 48 - q. What are the prime factors of l?
11
Let u be 3*(3 + 1 + -3). Let b(y) = -y**3 + 5*y**2 - 4*y - 1. What are the prime factors of b(u)?
5
Let f(q) = -q**2 - 4*q + q**3 - 3*q + 4*q**2 + q**2 + 2. List the prime factors of f(-5).
2, 3
Let z(b) = b**3 - b**2 + 2*b - 2. Let w(d) = d + 2. Let p be w(0). Let y be z(p). Suppose y*s - s - 60 = 0. What are the prime factors of s?
2, 3
Let w(a) = -15*a - 10. Let s be w(-5). What are the prime factors of (-1 - 1)/((-10)/s)?
13
Suppose 4*t - 2 = 2*t. What are the prime factors of (3 - 2)/(t/3)?
3
Let s = -11 + 15. Suppose s*r = -0*r + 44. Suppose 13 + r = 3*c. List the prime factors of c.
2
Let g = -64 + 299. What are the prime 